 + 36535 = 8*d - 4*d, 18*x = -3*d + 657423. Is x prime?
True
Let q be (-28)/(-98) + 3771/7. Let w = q - 332. Suppose -7*r - w = -746. Is r prime?
False
Let y(p) = 105*p**2 - 18*p - 11. Suppose 4*g + 4*c = 24, -g - 26 = -4*c - 22. Is y(g) a composite number?
False
Suppose 2*o = 7*o - 4*j + 16, 12 = -4*o + 3*j. Let c(f) = 4 + 1 - 7 - 873*f + o. Is c(-1) prime?
False
Let t = -367 + 391. Suppose -t*u + 28*u = 23612. Is u a composite number?
False
Let v = 17 + -2. Suppose -4*p = -11 + v. Is ((-13722)/(-24))/(p + 15/12) prime?
True
Let b(s) = -2*s - 13. Let t be b(-10). Suppose -2*v + 1 + t = k, -5*v = -k - 6. Is (7266/24)/(v/8) composite?
True
Let z be 186/45 + 4/(-30). Suppose 2 = -z*i + 3*i. Is (-12 - -1)/(i/58) prime?
False
Let k = 252 - 344. Let l = 319 - k. Is l a prime number?
False
Let j be (6 + (14 - 5))/(1/39). Suppose m = z + j, m + 4*m - 2929 = 3*z. Is m composite?
False
Is (64397 + 4 + 0)/(156/572) composite?
True
Let g be -40*(2 - 5/2)*-1. Let b = g + 25. Suppose -3*c - 4*i = i - 23, b*i + 1 = c. Is c a prime number?
False
Suppose -r = -5*s - 80239 - 173407, -r + 253655 = 4*s. Is r a composite number?
False
Let b(c) = 55*c**2 - 3. Let o(y) = -2*y**2 + 7*y + 1. Let a be o(3). Let u be b(a). Let h = 1664 - u. Is h a composite number?
False
Let h(n) = n**2 - 13*n + 25. Let l be h(11). Suppose 2202 - 385 = l*d - 4*s, 5*d - 2*s = 3005. Is d a prime number?
True
Let t = 131342 - -398507. Is t prime?
False
Is (14157 - (3 + -14)) + 5/1 + 0 a prime number?
True
Suppose 2*j + 4*r - 14431 = 8579, -2*j - 5*r + 23014 = 0. Suppose 5*t = j + 82438. Is t prime?
True
Let r be 45958/33 - (-2)/6. Let n = -2682 + r. Let f = -616 - n. Is f a composite number?
False
Let g(h) be the third derivative of -h**5/60 + 19*h**4/12 - 4*h**3/3 + 165*h**2. Is g(15) a prime number?
True
Let f = -50 - -64. Suppose 6*x = f + 10. Suppose 0 = 3*u - x*b - 1109, -2*u + 278 = 5*b - 469. Is u composite?
True
Let u be 6042/((-3)/((-9)/3)). Suppose i - 7*i + u = 0. Suppose 0*n = n - i. Is n composite?
True
Suppose 39*p - 38*p = 3*g - 1968986, 5*g + 5*p = 3281610. Is g a prime number?
False
Let t(c) = -78469*c + 1259. Is t(-12) prime?
False
Let c(q) = q**2 + 2*q - 5. Let a be c(-4). Suppose -5*t = 3*r - 6476, a*t + 2*r = -2*r + 3879. Suppose 2*z = 0, 5*d - 1378 - t = -4*z. Is d a composite number?
True
Suppose 3 = -2*o + o, 19 = -d + o. Let u = d - -24. Suppose 3*k - 4297 = -u*m, -5*m - k + 6612 = -4150. Is m composite?
False
Let a(v) = 38*v**2 - 59*v + 215. Is a(-74) composite?
False
Suppose 7*d - 246 = -8. Is d + 6/18*3 prime?
False
Let p(g) be the third derivative of -g**6/120 - 3*g**5/20 - 3*g**4/8 - 11*g**3/3 - 64*g**2 + 4*g. Suppose 3*r = -0*r - 27. Is p(r) composite?
False
Let u(k) = -k**2 - 29*k + 1. Let c be u(-29). Let m(j) = 935*j**2 - 15*j + 14. Is m(c) composite?
True
Let y(x) = -148*x**2 + 6*x + 15 + 2 + 159*x**2. Is y(6) prime?
True
Suppose 0 = f - 2*h - 12, 3*f + 0*f - 3*h - 21 = 0. Suppose -3*r + 10057 = 4*i, r - f*i = 4*r - 10067. Is r a composite number?
False
Let g = 536 + 6782. Let d = g - 5062. Let t = 3733 - d. Is t a prime number?
False
Suppose 0*j + 5*j + 8400 = 0. Let x = j + 2563. Is x a composite number?
False
Is (1 - 33/11 - -5) + 397670 composite?
False
Suppose 5*l - 6 = -v, 5*v - 3*l + 5 - 35 = 0. Suppose -2037 = -27*u + v*u. Is u a composite number?
False
Let i = -232648 + 398871. Is i composite?
True
Let w(n) be the first derivative of 3*n**2/2 + 18*n - 18. Let t be w(-6). Let z(v) = 4*v + 191. Is z(t) prime?
True
Let p = 91 - 89. Let w be 21/12*(p - 6)*-415. Let s = 4892 - w. Is s composite?
False
Let j(m) = -518*m - 201. Let r be 16*-2 - (1 - 2/(-2)). Is j(r) a composite number?
True
Let h(v) = 342*v - 509. Is h(26) prime?
False
Let z(c) = 22*c**2. Let x be z(-2). Suppose 0 = l + 3*l + x. Is (-36810)/l - ((-60)/55)/(-6) a prime number?
False
Let y(t) = t**2 - 10*t - 51. Let p(l) = 2*l**2 - 20*l - 101. Let h(s) = -4*p(s) + 7*y(s). Is h(12) prime?
True
Let y = 2397173 + -1189744. Is y a composite number?
False
Let g be 5/(6 - (-17)/(-3)). Suppose -3*p + g*p = 32028. Is p a composite number?
True
Suppose -51*c - 117349 = -49*c - 417091. Is c prime?
False
Let b = -56 + 61. Let p(v) = 112*v**2 + 19. Is p(b) prime?
True
Suppose 0 = -3*h - 2*b + 210041, 15*h + 4*b - 70017 = 14*h. Is h composite?
True
Suppose p = -4*c - 2 + 17, 20 = -4*p. Suppose -c*q - 12403 = 297. Is q/(-6)*((-77)/14 - -7) a composite number?
True
Let l be 1*(3 + -4)*-2. Suppose 0 = 5*h - 0*h + l*k - 21, 6 = -3*k. Is (-2)/(-2)*h/(-5) + 1228 composite?
True
Let n(t) = -54*t**2 + 13*t - 109. Let v(x) = -55*x**2 + 15*x - 109. Let w(d) = -6*n(d) + 5*v(d). Is w(-10) prime?
True
Let p = -17 - -12. Let k = 7 + p. Suppose 0 = w - 5*z - 1255, 2*w + k*z = 1126 + 1384. Is w prime?
False
Let u be 6/(-21) + (-7902)/(-21). Let j = u - -286. Is j prime?
False
Let a be ((-160)/140)/(2/(-14)). Suppose 11*j + a*j = 5035. Is j a composite number?
True
Suppose 0 = 2*h - 345 - 1269. Let d = h - 358. Is d composite?
False
Suppose -w = 5*x + 7780, -6654 - 1141 = 5*x - 2*w. Let p = 2816 + x. Is p a prime number?
True
Let i be (-12)/(-2*1) + 1. Suppose 5*k - h - 55 = -24, 4*h = 2*k - 34. Suppose 18529 = k*s + 2*n, -11*s - n + 14825 = -i*s. Is s prime?
False
Suppose -x - 5*j = -0 - 5, -j + 43 = 3*x. Suppose 3*t = -u + x, -3*t + 8 + 7 = 2*u. Suppose 8*g - 5236 - 1412 = u. Is g a prime number?
False
Let m be 112/4*6/8. Let u be ((-7)/m)/((-1)/(-141)). Let v = u + 214. Is v composite?
False
Suppose -11*j = -251 - 134. Let x = j + -11. Suppose -x*w + 23*w + 163 = 0. Is w composite?
False
Let b(n) = -16*n**3 - 184*n**2 - 245*n - 4. Let o(p) = -3*p**3 - 37*p**2 - 49*p - 1. Let r(h) = 2*b(h) - 11*o(h). Is r(-36) composite?
True
Let u = -11324 - 2989. Let q = 27477 + u. Suppose 0 = -3*y + 4119 + q. Is y a prime number?
False
Let c = -1050 + 910. Is 168/c - 12801/(-5) composite?
True
Let s(d) = 1976*d**2 - 626*d + 3727. Is s(6) prime?
False
Let q(m) = -2066*m - 595. Is q(-4) composite?
False
Suppose 3*p + 17 = -p - w, 26 = -2*p - 4*w. Let z(b) = 297*b - 880*b + 2 + 6. Is z(p) a prime number?
False
Let b(u) = 15*u**3 - 11*u**2 + 8*u - 1. Let f = 45 - 41. Let o(i) = -i**2 + 3*i + 9. Let s be o(f). Is b(s) prime?
False
Let x be -7*(1 - 2) + -6. Is (-25865)/(-6 - x) + 2 a prime number?
True
Let m be 49 + (2 - (0 + 2)). Let b = -43 + m. Suppose -b*l - 5245 = -11*l. Is l composite?
False
Let a(y) be the first derivative of y**6/24 - 2*y**5/15 - y**4/3 - 4*y**3/3 + 9*y**2 + 21. Let q(g) be the second derivative of a(g). Is q(7) prime?
True
Suppose -2*r + 7*r = -3*g + 49, 2*r + 3*g = 25. Is (-1)/4 + 30090/r a composite number?
False
Let h(l) = 4*l - 5. Let z be h(2). Is (8 - 23/z)/(1/14955) composite?
True
Let y = -179897 + 311496. Suppose -8*s = 5063 - y. Is s composite?
False
Is 191414176/288 + 28 + 8/18 composite?
False
Suppose -5*p - 6*v + 2*v = -5007, 0 = -3*p - v + 3000. Let y be (1 + -171)/(2/(-6)). Let b = p - y. Is b a composite number?
True
Suppose 0 = p - 1, 4 = 3*f + 4*p - 3*p. Let j(t) = 1 + 1 + f - 159*t - 7. Is j(-5) prime?
False
Suppose 387 + 18 = -45*u. Let g(z) = -z**2 - 6*z - 4. Let i be g(-3). Is i - 7 - u*121 a composite number?
False
Suppose 17*p = 124872 - 25677. Suppose w - 2*k - 3*k = 1958, 3*w = 2*k + p. Is w a composite number?
True
Let c(s) = -2*s + 0*s + 3097 - 3137. Let y be c(-22). Suppose -t + 798 = 2*k, -1207 = -4*k + k - y*t. Is k composite?
False
Let b = 67 - 65. Suppose v = k + 3*v + 3, -4*k + 6 = b*v. Suppose 4*f = -o - 0*o + 1807, 2*o + k*f = 3634. Is o a composite number?
False
Let i = 17838 + -29929. Let b = 17462 + i. Is (8/(-28) - b/(-7))/1 prime?
False
Let h = 84513 + -10715. Is h a prime number?
False
Let t be (-2)/6 - (-210)/9. Let m be 346/(-4)*(17 - t). Suppose 22 = x - m. Is x a prime number?
True
Let s(a) = -11*a + 59. Let l be s(5). Suppose -y = m - l*y - 1132, 0 = 5*m + 5*y - 5600. Is m composite?
False
Let q be -9 - (2/(-4) + (-5)/(-10)). Let f be (1/(q/3))/((-10)/(-60)). Is 10/((-40)/(-7554))*f/(-3) prime?
True
Let u(d) = -d**3 - 8*d**2 + 22*d + 23. Suppose -4*h - m - 36 = 0, -18 = 3*h - 2*h - 2*m. Let l be u(h). Suppose 2439 + 24 = l*w. Is w composite?
False
Let r(k) = 14*k + 6 - 26 + 84*k. Let t be r(14). Suppose 0 = -6*w + 3430 + t. Is w a composite number?
False
Let